factors of 201228150?
2, 3, 5, 17, 23, 47, 73
List the prime factors of 100433071.
83, 1210037
List the prime factors of 4210392522.
2, 3, 7, 1291, 11093
List the prime factors of 321956715.
3, 5, 53, 404977
List the prime factors of 736070739.
3, 245356913
What are the prime factors of 2543621666?
2, 1271810833
What are the prime factors of 777339665?
5, 163, 953791
What are the prime factors of 108959544?
2, 3, 31, 48817
List the prime factors of 112244783.
7, 389, 41221
List the prime factors of 9659976.
2, 3, 71, 5669
What are the prime factors of 834536366?
2, 439, 950497
What are the prime factors of 1148909647?
43, 149, 179321
List the prime factors of 912743676.
2, 3, 13, 37, 52711
List the prime factors of 4515096190.
2, 5, 11, 23, 197, 9059
What are the prime factors of 390115544?
2, 7, 13, 41221
List the prime factors of 1110299.
761, 1459
What are the prime factors of 29406941?
31, 61, 15551
What are the prime factors of 267980239?
2411, 111149
List the prime factors of 446330336.
2, 13947823
What are the prime factors of 32597993?
17, 41, 46769
List the prime factors of 819433089.
3, 91048121
List the prime factors of 27500555.
5, 29, 89, 2131
List the prime factors of 172513251.
3, 53, 361663
What are the prime factors of 30678977?
7, 19, 251, 919
List the prime factors of 563916803.
29, 1559, 12473
What are the prime factors of 830075309?
7, 118582187
List the prime factors of 288142714.
2, 19, 7582703
What are the prime factors of 50820469?
7, 7260067
What are the prime factors of 356662862?
2, 178331431
What are the prime factors of 5161583331?
3, 63723251
What are the prime factors of 327737300?
2, 5, 11, 401, 743
What are the prime factors of 931267148?
2, 7, 23, 337, 613
What are the prime factors of 11415568?
2, 17, 41969
List the prime factors of 759018085.
5, 7, 3098033
What are the prime factors of 38934789?
3, 41, 349, 907
List the prime factors of 322594489.
7, 6583561
List the prime factors of 891815765.
5, 211, 853, 991
List the prime factors of 17262357.
3, 7, 117431
What are the prime factors of 174485367?
3, 7, 923203
List the prime factors of 849468632.
2, 163, 577, 1129
List the prime factors of 13674347.
79, 179, 967
List the prime factors of 832024551.
3, 277341517
List the prime factors of 7043793929.
31, 3571, 63629
List the prime factors of 96282230.
2, 5, 11, 137, 6389
What are the prime factors of 962274478?
2, 11, 383, 114203
List the prime factors of 140037017.
41, 47, 72671
List the prime factors of 19332364.
2, 61, 79231
List the prime factors of 703230226.
2, 31, 11342423
What are the prime factors of 1695100117?
1695100117
What are the prime factors of 57146251?
41, 571, 2441
What are the prime factors of 6561227760?
2, 3, 5, 37, 738877
What are the prime factors of 307442307?
3, 102480769
What are the prime factors of 92125962?
2, 3, 113, 45293
What are the prime factors of 2784021486?
2, 3, 464003581
List the prime factors of 1049224649.
11, 17, 23, 89, 2741
What are the prime factors of 185415742?
2, 23, 43, 93739
List the prime factors of 2484071499.
3, 7, 13, 1723, 5281
What are the prime factors of 2022250653?
3, 224694517
List the prime factors of 506127929.
439, 757, 1523
List the prime factors of 1658989650.
2, 3, 5, 347, 31873
What are the prime factors of 1638626653?
1638626653
What are the prime factors of 17940210?
2, 3, 5, 598007
What are the prime factors of 46596873?
3, 19, 23, 35543
What are the prime factors of 156421162?
2, 3607, 21683
List the prime factors of 32598670.
2, 5, 13, 31, 8089
What are the prime factors of 509134184?
2, 13, 19, 71, 191
What are the prime factors of 162751147?
13, 31, 403849
List the prime factors of 32226487.
32226487
List the prime factors of 226654813.
7, 11, 59, 49891
List the prime factors of 36736588.
2, 7, 139, 9439
What are the prime factors of 46690587?
3, 576427
What are the prime factors of 2264451473?
2264451473
List the prime factors of 2351021228.
2, 1033, 568979
What are the prime factors of 199898586?
2, 3, 61, 182057
What are the prime factors of 18243732?
2, 3, 13, 83, 1409
What are the prime factors of 228446138?
2, 3347, 34127
List the prime factors of 175730256.
2, 3, 13, 29, 83
List the prime factors of 30380416.
2, 11, 21577
List the prime factors of 1213695102.
2, 3, 202282517
List the prime factors of 53908237.
73, 738469
What are the prime factors of 217816361?
7, 19, 29, 56473
What are the prime factors of 354614760?
2, 3, 5, 12161
List the prime factors of 26330903.
19, 1385837
What are the prime factors of 91831242?
2, 3, 443, 34549
List the prime factors of 697238613.
3, 173, 431, 1039
List the prime factors of 1569155524.
2, 53, 7401677
What are the prime factors of 81986765?
5, 7, 2342479
What are the prime factors of 270057602?
2, 19, 374041
List the prime factors of 41041411.
41041411
What are the prime factors of 78659717?
47, 313, 5347
What are the prime factors of 73829724?
2, 3, 23, 31, 8629
List the prime factors of 3969550609.
17, 233502977
What are the prime factors of 45274531?
45274531
What are the prime factors of 310244663?
41, 2671, 2833
List the prime factors of 574836559.
11, 52257869
What are the prime factors of 1255878331?
389, 523, 6173
List the prime factors of 115197457.
17, 31, 218591
List the prime factors of 43565255.
5, 8713051
List the prime factors of 30522328.
2, 3815291
List the prime factors of 508443174.
2, 3, 17, 61, 27239
List the prime factors of 1009797115.
5, 47, 89, 48281
What are the prime factors of 90189307?
13, 89, 77951
What are the prime factors of 58857138?
2, 3, 23, 47389
What are the prime factors of 6850454?
2, 13, 173, 1523
List the prime factors of 200527728.
2, 3, 181, 23081
List the prime factors of 5746925532.
2, 3, 139, 3445399
What are the prime factors of 305252896?
2, 13, 139, 5279
What are the prime factors of 7112086028?
2, 73, 307, 79337
What are the prime factors of 2302156705?
5, 409, 751, 1499
What are the prime factors of 4112963236?
2, 257, 4000937
What are the prime factors of 95395318?
2, 47697659
What are the prime factors of 1203400396?
2, 11, 983, 27823
List the prime factors of 570099443.
151, 1487, 2539
List the prime factors of 161289237.
3, 53763079
What are the prime factors of 57632334?
2, 3, 9605389
List the prime factors of 1110911248.
2, 69431953
What are the prime factors of 2460509099?
607, 4053557
What are the prime factors of 575119118?
2, 7, 83, 494939
What are the prime factors of 2168554311?
3, 7, 11, 239, 13093
List the prime factors of 319788726.
2, 3, 1361, 39161
List the prime factors of 2487762569.
83, 331, 1091
List the prime factors of 183687241.
53, 3465797
List the prime factors of 78192128.
2, 7, 21817
List the prime factors of 1004565115.
5, 5501, 36523
What are the prime factors of 1046676727?
1046676727
List the prime factors of 168068137.
17, 29, 340909
List the prime factors of 1990518142.
2, 67, 14854613
What are the prime factors of 41353260?
2, 3, 5, 13, 53017
List the prime factors of 4604011228.
2, 3019, 381253
List the prime factors of 409079273.
59, 6933547
List the prime factors of 142101071.
7, 131, 241, 643
List the prime factors of 2694231.
3, 299359
List the prime factors of 217473233.
29, 59, 127103
List the prime factors of 4152244275.
3, 5, 227, 3011
List the prime factors of 111127497.
3, 13, 2849423
List the prime factors of 292670169.
3, 11, 43, 206251
List the prime factors of 1209451461.
3, 419, 547, 1759
List the prime factors of 141417926.
2, 13, 59, 92189
List the prime factors of 87293176.
2, 577, 18911
List the prime factors of 23449743.
3, 19, 1693
List the prime factors of 906410230.
2, 5, 11, 8240093
List the prime factors of 318011084.
2, 79502771
List the prime factors of 89192123.
89192123
What are the prime factors of 622674307?
622674307
List the prime factors of 2985603009.
3, 691, 1440233
List the prime factors of 332992964.
2, 29, 239, 12011
What are the prime factors of 55687097?
619, 89963
What are the prime factors of 30319637?
4253, 7129
What are the prime factors of 3490902279?
3, 131, 109663
What are the prime factors of 1422141964?
2, 241, 1475251
What are the prime factors of 1557325735?
5, 7, 251, 269, 659
List the prime factors of 21273401.
683, 31147
List the prime fact